t is -330 (base 4) in base 7?
-114
Convert 0 (base 10) to base 5.
0
32 (base 12) to base 16
26
What is 23 (base 11) in base 14?
1b
47 (base 14) to base 6
143
-22 (base 3) to base 14
-8
Convert 16 (base 12) to base 16.
12
What is 33 (base 11) in base 3?
1100
9 (base 13) to base 12
9
What is -12 (base 11) in base 14?
-d
What is 4 (base 5) in base 4?
10
Convert -54 (base 8) to base 10.
-44
What is -19 (base 12) in base 14?
-17
Convert 3c (base 14) to base 9.
60
33 (base 6) to base 14
17
-1022 (base 5) to base 11
-115
1 (base 9) to base 2
1
0 (base 10) to base 2
0
What is 103 (base 7) in base 5?
202
0 (base 8) to base 14
0
What is -123 (base 4) in base 16?
-1b
Convert -22 (base 13) to base 14.
-20
Convert 8 (base 11) to base 6.
12
Convert -14 (base 13) to base 2.
-10001
-1 (base 2) to base 8
-1
12 (base 10) to base 5
22
Convert -17 (base 16) to base 5.
-43
-245 (base 9) to base 12
-14b
-61 (base 16) to base 7
-166
-4 (base 11) to base 4
-10
What is 194 (base 10) in base 7?
365
119 (base 11) to base 7
261
What is -4 (base 8) in base 7?
-4
What is -1202 (base 3) in base 11?
-43
Convert -1 (base 12) to base 4.
-1
Convert -2 (base 3) to base 7.
-2
Convert -1000 (base 2) to base 10.
-8
Convert 21 (base 4) to base 6.
13
-1 (base 12) to base 6
-1
Convert 121 (base 3) to base 4.
100
What is -9 (base 16) in base 4?
-21
What is 8 (base 13) in base 15?
8
Convert 158 (base 16) to base 10.
344
What is a7 (base 11) in base 5?
432
-5 (base 10) to base 16
-5
-1202 (base 5) to base 14
-c9
2 (base 8) to base 10
2
What is 1a2 (base 14) in base 2?
101010010
-128 (base 11) to base 14
-ab
What is -84 (base 10) in base 5?
-314
-6 (base 11) to base 14
-6
What is 0 (base 4) in base 9?
0
Convert 5 (base 7) to base 13.
5
Convert -7 (base 13) to base 15.
-7
What is -4 (base 6) in base 8?
-4
Convert 37 (base 9) to base 14.
26
9 (base 14) to base 11
9
Convert -110 (base 3) to base 11.
-11
-3 (base 12) to base 16
-3
What is -33 (base 7) in base 16?
-18
-3 (base 11) to base 3
-10
Convert 0 (base 10) to base 14.
0
What is -22 (base 13) in base 2?
-11100
What is 1 (base 9) in base 16?
1
What is 4 (base 13) in base 11?
4
What is 11 (base 15) in base 10?
16
2 (base 14) to base 9
2
What is -1111010 (base 2) in base 8?
-172
What is -51 (base 8) in base 4?
-221
3 (base 16) to base 14
3
1 (base 16) to base 15
1
Convert b (base 15) to base 8.
13
Convert -14 (base 14) to base 5.
-33
Convert -2 (base 3) to base 4.
-2
Convert 0 (base 10) to base 9.
0
What is 7 (base 15) in base 2?
111
-12020 (base 3) to base 10
-141
Convert -7 (base 14) to base 16.
-7
Convert -45 (base 11) to base 12.
-41
What is -1 (base 4) in base 9?
-1
0 (base 14) to base 5
0
Convert 96 (base 11) to base 7.
210
7b (base 16) to base 6
323
-2 (base 6) to base 4
-2
What is 64 (base 13) in base 11?
75
What is 3 (base 7) in base 12?
3
Convert -4 (base 10) to base 6.
-4
What is -12 (base 7) in base 13?
-9
74 (base 10) to base 4
1022
Convert -2110 (base 3) to base 9.
-73
What is -6 (base 13) in base 12?
-6
-b (base 12) to base 16
-b
-120 (base 9) to base 3
-10200
Convert 1 (base 12) to base 7.
1
Convert 33 (base 4) to base 11.
14
What is -13 (base 5) in base 14?
-8
What is -15 (base 8) in base 12?
-11
Convert -1211 (base 3) to base 6.
-121
Convert -4 (base 16) to base 6.
-4
15 (base 13) to base 10
18
Convert 35 (base 10) to base 16.
23
1 (base 13) to base 11
1
What is -2 (base 9) in base 3?
-2
Convert -53 (base 11) to base 12.
-4a
Convert -1 (base 3) to base 10.
-1
-1 (base 14) to base 15
-1
What is -12 (base 4) in base 12?
-6
What is -3 (base 11) in base 9?
-3
-3 (base 15) to base 6
-3
-77 (base 11) to base 7
-150
Convert -55 (base 14) to base 5.
-300
-110 (base 2) to base 5
-11
Convert -14 (base 9) to base 15.
-d
What is 21 (base 7) in base 10?
15
Convert -222 (base 3) to base 14.
-1c
Convert -4 (base 6) to base 5.
-4
Convert 1 (base 6) to base 13.
1
What is 1 (base 9) in base 11?
1
What is 15 (base 7) in base 11?
11
Convert 2 (base 5) to base 7.
2
-1110 (base 6) to base 5
-2013
Convert 1 (base 5) to base 6.
1
0 (base 6) to base 8
0
-233 (base 4) to base 7
-65
-4 (base 9) to base 14
-4
-211 (base 6) to base 16
-4f
17 (base 8) to base 15
10
-b (base 13) to base 6
-15
Convert 121 (base 8) to base 14.
5b
-8 (base 14) to base 10
-8
Convert -10333 (base 4) to base 13.
-1b7
Convert 3 (base 15) to base 9.
3
Convert 4 (base 7) to base 11.
4
What is -21 (base 3) in base 14?
-7
1 (base 9) to base 14
1
13 (base 9) to base 6
20
-41 (base 11) to base 4
-231
6 (base 10) to base 14
6
45 (base 11) to base 15
34
3 (base 4) to base 12
3
What is -12 (base 12) in base 7?
-20
What is 61 (base 12) in base 15?
4d
-9 (base 12) to base 8
-11
Convert 1 (base 14) to base 7.
1
3 (base 16) to base 5
3
1 (base 12) to base 8
1
What is -20 (base 4) in base 14?
-8
What is -6 (base 15) in base 10?
-6
Convert 75 (base 12) to base 6.
225
-6 (base 9) to base 12
-6
What is -3 (base 15) in base 8?
-3
What is 11 (base 4) in base 5?
10
What is 32 (base 5) in base 14?
13
Convert 24 (base 12) to base 6.
44
What is -102 (base 5) in base 13?
-21
What is 0 (base 11) in base 16?
0
What is 14 (base 12) in base 13?
13
Convert 24 (base 9) to base 2.
10110
Convert -35 (base 6) to base 16.
-17
Convert -150 (base 8) to base 9.
-125
-11 (base 2) to base 11
-3
-1 (base 2) to base 15
-1
What is -100 (base 3) in base 4?
-21
Convert -14 (base 11) to base 13.
-12
What is 164 (base 7) in base 9?
115
Convert -54 (base 11) to base 5.
-214
Convert a5 (base 12) to base 10.
125
Convert 1112 (base 5) to base 14.
b3
What is 10 (base 3) in base 8?
3
-12 (base 7) to base 8
-11
What is -20 (base 3) in base 12?
-6
Convert cf (base 16) to base 12.
153
-9 (base 10) to base 12
-9
Convert -3 (base 7) to base 4.
-3
2 (base 14) to base 5
2
3 (base 9) to base 8
3
221 (base 4) to base 7
56
-f (base 16) to base 10
-15
-d (base 15) to base 4
-31
Convert -15 (base 6) to base 11.
-10
-330 (base 6) to base 13
-99
1001 (base 2) to base 11
9
What is 3 (base 10) in base 2?
11
-5 (base 12) to base 15
-5
-4 (base 16) to base 14
-4
What is -5 (base 7) in base 5?
-10
What is 1100 (base 5) in base 4?
2112
0 (base 6) to base 2
0
Convert -3 (base 13) to base 9.
-3
What is -4 (base 10) in base 15?
-4
Convert -1110 (base 4) to base 15.
-59
What is 0 (base 13) in base 14?
0
3 (base 14) to base 4
3
Convert -114 (base 7) to base 12.
-50
Convert -30 (base 4) to base 2.
-1100
Convert -12001 (base 3) to base 7.
-253
-22 (base 4) to base 10
-10
Convert 71 (base 13) to base 6.
232
What is a (base 11) in base 9?
11
3 (base 10) to base 14
3
-6 (base 11) to base 16
-6
Convert 3 (base 12) to base 5.
3
Convert -6d (base 16) to base 12.
-91
What is 28 (base 10) in base 4?
130
What is -1 (base 9) in base 5?
-1
What is 1 (base 3) in base 2?
1
0 (base 16) to base 3
0
Convert -14 (base 5) to base 11.
-9
What is 100 (base 9) in base 8?
121
-59 (base 12) to base 9
-76
Convert -1 (base 10) to base 11.
-1
What is -6 (base 16) in base 7?
-6
-1a (base 14) to base 11
-22
Convert 1 (base 14) to base 6.
1
What is -16 (base 10) in base 7?
-22
Convert 13 (base 11) to base 15.
e
Convert -17 (base 15) to base 11.
-20
-15 (base 15) to base 3
-202
42 (base 6) to base 12
22
1100 (base 5) to base 12
106
What is 3f (base 16) in base 8?
77
What is -3 (base 16) in base 11?
-3
What is 120 (base 6) in base 15?
33
What is 43 (base 9) in base 16?
27
What is -333 (base 4) in base 15?
-43
What is 10222 (base 4) in base 2?
100101010
-1c (base 16) to base 4
-130
-20 (base 5) to base 6
-14
Convert 122 (base 6) to base 8.
62
Convert -45 (base 6) to base 7.
-41
-7 (base 15) to base 11
-7
26 (base 11) to base 9
31
-a (base 14) to base 5
-20
-6a (base 12) to base 5
-312
-7 (base 9) to base 13
-7
5 (base 10) to base 14
5
What is 17 (base 12) in base 3?
201
Convert -5a (base 13) to base 11.
-69
What is -98 (base 14) in base 9?
-158
Convert -11 (base 9) to base 8.
-12
What is 7 (base 16) in base 15?
7
104 (base 5) to base 3
1002
30 (base 4) to base 10
12
313 (base 7) to base 9
184
What is 0 (base 16) in base 2?
0
What is 101 (base 4) in base 7?
23
Convert 136 (base 9) to base 6.
310
What is 0 (base 16) in base 4?
0
What is -42 (base 12) in base 13?
-3b
-200 (base 6) to base 3
-2200
3 (base 7) to base 5
3
-7 (base 15) to base 11
-7
-141 (base 6) to base 4
-331
2 (base 